34
In base 7, what is -11 - -53611?
53600
In base 4, what is -12112 - -103?
-12003
In base 4, what is 232 - 111321?
-111023
In base 9, what is 3 - 18537?
-18534
In base 6, what is -4 + 110330?
110322
In base 13, what is -249 - -2c58?
2a0c
In base 2, what is -11000110111101 + -1000?
-11000111000101
In base 13, what is -1 + -27a9?
-27aa
In base 15, what is -cba + 15d?
-b5c
In base 11, what is -9406 + 59?
-9358
In base 11, what is 1975 + 17?
1991
In base 7, what is -4 + 24540?
24533
In base 13, what is -4 - -442b9?
442b5
In base 7, what is 1323 - 10145?
-5522
In base 5, what is -30402220 + -10?
-30402230
In base 14, what is -1 + -1133bc?
-1133bd
In base 15, what is -4 - -1158d?
11589
In base 13, what is a9b41 - 4?
a9b3a
In base 15, what is 9065 + -1?
9064
In base 13, what is 7a - -18b4?
1961
In base 12, what is 63 - -277?
31a
In base 9, what is 38810 + -13?
38786
In base 2, what is -101110001011000 + 1001001?
-101110000001111
In base 2, what is 1001 - 101000110000011?
-101000101111010
In base 7, what is -656 + 100?
-556
In base 3, what is -1110 + -12010202?
-12012012
In base 14, what is -3 + 14274?
14271
In base 2, what is 100001110 + 1100000001?
10000001111
In base 16, what is 121dd - 3?
121da
In base 6, what is -2255 + 124250?
121551
In base 11, what is -249 - -97?
-162
In base 5, what is 3321 - -33100?
41421
In base 3, what is -222021 - 1?
-222022
In base 7, what is -5302 - 35?
-5340
In base 8, what is -163 - 250?
-433
In base 10, what is -58 - 391?
-449
In base 9, what is -4 - 18365?
-18370
In base 5, what is -10 - -10231210?
10231200
In base 9, what is 8 + -1250352?
-1250343
In base 2, what is 110100101000 - -101101?
110101010101
In base 8, what is 10 + 1131631?
1131641
In base 2, what is -1001100111001010 + -101?
-1001100111001111
In base 2, what is -10110 - -1100101110?
1100011000
In base 11, what is -136 - 479?
-604
In base 12, what is 16 + -732?
-718
In base 10, what is 46 - -2254?
2300
In base 16, what is 3e59 - 1?
3e58
In base 8, what is -4564 + 15?
-4547
In base 3, what is -1120112 - 220221?
-2111110
In base 14, what is -2 - 3c904?
-3c906
In base 2, what is -100110110 + 100111100000?
100010101010
In base 5, what is -200420 + 32?
-200333
In base 8, what is -33560 - -61?
-33477
In base 11, what is -1764 - 15?
-1779
In base 5, what is 214302223 + -11?
214302212
In base 3, what is 21120 - 102?
21011
In base 4, what is 11200 - 31?
11103
In base 7, what is -564006 + 0?
-564006
In base 16, what is -728 - -1c?
-70c
In base 15, what is 9d - -25c?
30a
In base 4, what is 2 - 201131?
-201123
In base 4, what is -1321200 + -1220?
-1323020
In base 4, what is -2 + 1120330120?
1120330112
In base 9, what is 3 - -17014?
17017
In base 14, what is 3 - 6bdd?
-6bda
In base 16, what is -3c7 - -70?
-357
In base 6, what is -13110055 - -1?
-13110054
In base 8, what is -61441 - 3?
-61444
In base 3, what is -20122 + -2212112?
-10010011
In base 11, what is 23128 + 3?
23130
In base 14, what is -1490 + -4c?
-14dc
In base 10, what is -2917 + 4?
-2913
In base 10, what is -9 + 138951?
138942
In base 14, what is -22818 + -d?
-22827
In base 9, what is -138 + 181?
42
In base 10, what is 3074 - 19?
3055
In base 11, what is -1371 + 11?
-1360
In base 2, what is 10 + 11100110000110001?
11100110000110011
In base 3, what is -2 + 1222002002?
1222002000
In base 11, what is 574a - -a?
5759
In base 3, what is 11 - -10001112212?
10001120000
In base 4, what is -1131233200 - 33?
-1131233233
In base 4, what is 1011302300 + 1?
1011302301
In base 4, what is 2110313 - -12?
2110331
In base 5, what is -11 - 1002111?
-1002122
In base 16, what is 2d + -e3?
-b6
In base 3, what is 121220101020 - 22?
121220100221
In base 13, what is 2 + 327996?
327998
In base 14, what is -1 - -3170?
316d
In base 11, what is 31 + 4579?
45aa
In base 3, what is -1001120 - -202002?
-22111
In base 8, what is 1 - -1332313?
1332314
In base 15, what is 65 - 108?
-93
In base 16, what is -3 - 6ef1?
-6ef4
In base 15, what is 1 + 10989?
1098a
In base 5, what is -343 + 21324?
20431
In base 4, what is 2 + -2120332?
-2120330
In base 6, what is -1054425 + 0?
-1054425
In base 5, what is 2 - 12402?
-12400
In base 2, what is -10000010111101 + -100?
-10000011000001
In base 14, what is 5 - a8759?
-a8754
In base 13, what is -161987 + 4?
-161983
In base 6, what is 5 + -4100454?
-4100445
In base 14, what is -3832d + 6?
-38327
In base 15, what is aac1b + -1?
aac1a
In base 6, what is 10 - 335035?
-335025
In base 16, what is 57b - 3a7?
1d4
In base 5, what is -3 + -23230?
-23233
In base 15, what is -1 + -b259?
-b25a
In base 7, what is 0 - -230111?
230111
In base 16, what is -1 + -43259?
-4325a
In base 11, what is 16 - 6665?
-664a
In base 4, what is -101011022 - 10?
-101011032
In base 15, what is -14 - -1c52?
1c3d
In base 11, what is 34359 + 19?
34377
In base 9, what is -3 + 75451?
75447
In base 8, what is 262 + -57?
203
In base 9, what is 157610 - -16?
157626
In base 2, what is -100000 - 10101000000100?
-10101000100100
In base 12, what is 7 + 10038?
10043
In base 9, what is 14451 + 14?
14465
In base 15, what is 97ba + 15?
97d0
In base 6, what is -520253 - 210?
-520503
In base 8, what is -1713 - -412?
-1301
In base 2, what is 110000110111001 + 101?
110000110111110
In base 14, what is -1b9c0 - -1?
-1b9bd
In base 7, what is -1 - 1255426?
-1255430
In base 3, what is -2010200 - -1111?
-2002012
In base 12, what is 220b1 - -1?
220b2
In base 7, what is -1533 - 2141?
-4004
In base 11, what is 55 + 53652?
536a7
In base 8, what is -7657243 - -3?
-7657240
In base 15, what is -4 + -1bcd?
-1bd2
In base 4, what is 1 - -3231310201?
3231310202
In base 10, what is -330227 - 4?
-330231
In base 15, what is 30 - a028?
-9ee8
In base 16, what is 3f72e + 3?
3f731
In base 10, what is -29046 - 5?
-29051
In base 10, what is -9245 - 3?
-9248
In base 8, what is -332 + 76?
-234
In base 2, what is 11011101111011 + -11011111?
11011010011100
In base 9, what is 27 + -41311?
-41273
In base 9, what is 840 - -71?
1021
In base 6, what is 0 - -55411040?
55411040
In base 10, what is 249 + 4776?
5025
In base 15, what is -5 + -1a64?
-1a69
In base 15, what is 4 - -aa?
ae
In base 15, what is -b6 - -e8?
32
In base 4, what is -10102312332 - -3?
-10102312323
In base 2, what is 11 - -110110111010111101101?
110110111010111110000
In base 8, what is 122 - -126634?
126756
In base 10, what is 7 - -29256?
29263
In base 16, what is 2 + -b26?
-b24
In base 14, what is -21712 + 2?
-21710
In base 10, what is 485228 + -4?
485224
In base 12, what is -3 + 3300?
32b9
In base 15, what is -41bb - 8c?
-4258
In base 12, what is 67696 + 1?
67697
In base 8, what is -23 - 2503?
-2526
In base 11, what is -4a + 14453?
14404
In base 2, what is -1001101011011010010 + -101?
-1001101011011010111
In base 5, what is 11 + -3313?
-3302
In base 8, what is -14 - 774150?
-774164
In base 16, what is -1b7b - -9?
-1b72
In base 10, what is -179 - 151?
-330
In base 7, what is -6 + -263136?
-263145
In base 4, what is 2110 + 1023?
3133
In base 5, what is 14402 + 140?
20042
In base 7, what is 20262 + -4?
20255
In base 4, what is 10 - -101213021?
101213031
In base 6, what is 115521323 - 4?
115521315
In base 16, what is 1 + 13bbe?
13bbf
In base 13, what is -159 - -1a51?
18c5
In base 9, what is -5 - -22321?
22315
In base 5, what is -4 - 14332112?
-14332121
In base 10, what is -10838 + 5?
-10833
In base 15, what is 16a7e + d?
16a8c
In base 4, what is -11202 + 321?
-10221
In base 12, what is -20a - 84?
-292
In base 8, what is 11443 - -1000?
12443
In base 12, what is -679549 + 3?
-679546
In base 6, what is -230 + -124055?
-124325
In base 6, what is -5 - -1552425?
1552420
In base 13, what is -4a4a + 1?
-4a49
In base 12, what is 1 - -1613a2?
1613a3
In base 3, what is 201201 + -202222?
-1021
In base 16, what is -1d2da + 4?
-1d2d6
In base 10, what is -3 + 30491?
30488
In base 5, what is -12100232 - 4?
-12100241
In base 9, what is 156406 + 11?
156417
In base 6, what is -1 + 23423?
23422
In base 6, what is -1050 - -130?
-520
In base 4, what is -300 + -202320312?
-202321212
In base 13, what is -20 - -2b189?
2b169
In base 6, what is 324512 - 0?
324512
In base 2, what is 1 + 110110011100000?
110110011100001
In base 13, what is -708c32 - -1?
-708c31
In base 16, what is -98b + -23?
-9ae
In base 16, what is 0 - -22d?
22d
In base 5, what is -